
Let l(i) = 2*i**2 + 9*i - 3*i**2 - 13*i. Suppose 2*a - 25 = -3*a. Let x be 1*a*(-8)/10. What is l(x)?
0
Let j(b) = -7*b - 11. Let u(s) = -3*s - 4. Let v(l) = -4*j(l) + 9*u(l). Determine v(-13).
-5
Let h(n) be the third derivative of -n**5/60 - 11*n**4/24 + 8*n**2 - n. Give h(-9).
18
Let m(r) = 70*r - 32*r - 40*r + 2. Suppose 8*b = 6*b + 8. Give m(b).
-6
Let p(o) = -1435 - 8*o + o + 727 - 2*o**2 + 728 + o**2. Calculate p(-10).
-10
Let n(g) = 16*g**3 + 19*g**2 + 15*g + 1. Let i(t) = 9*t**3 + 10*t**2 + 8*t + 1. Let f(l) = -7*i(l) + 4*n(l). Give f(-4).
13
Let p(h) = -h**3 - 9*h**2 - 8*h + 6. Suppose -c = 2*d - 5 - 12, 28 = 3*d - c. Let u be 1 - (d - (2 + -2)). What is p(u)?
6
Let o be ((-42)/(-15))/((-4)/(-60)). Let a be (-2)/8 + o/8. Suppose -a = -w - k, -3*w = 2*k + 2*k - 14. Let c(v) = v**2 - 4*v - 4. What is c(w)?
8
Let i(d) = -d**2 - 2*d. Let h(w) = 2*w**2 + 6*w. Let o(n) = -3*h(n) - 8*i(n). Let c be 150/4*(-4 + (-36)/(-6)). Let z = c + -73. Give o(z).
4
Let m(t) = -35*t - 29. Let j be m(-1). Let y(z) = 3*z - 13. Give y(j).
5
Let w(m) = m**2 + 3. Let g = -10 + 7. Let q be 1 - g/(1 - 0). Suppose -3*a + q = 13. Calculate w(a).
12
Let b = -10 - -14. Let d(i) = -7 + b + 4*i - 3*i. Suppose -394*z = -400*z - 24. Give d(z).
-7
Let y be 14 + -5 - 4 - -59. Let l = -57 + y. Let f(d) = -d + 2. What is f(l)?
-5
Suppose 0*p + 12 = 2*p + 4*b, -3*p + 3*b = 27. Let v be -6*(-4 - 11/(-3)). Let u(w) = 0*w**2 - w**3 + 12*w + 2 - 13*w - 4*w**v. Give u(p).
6
Let j(g) = -1 + 4*g + 21*g**2 - 4 + 18*g**2 - 40*g**2. What is j(-4)?
-37
Let m = 6 + -2. Suppose 2*s + m = -4. Let r(o) = 5*o**3 - 5*o**2 + 2*o. Let a(q) = 4*q**3 - 5*q**2 + q. Let z(l) = -6*a(l) + 5*r(l). Calculate z(s).
0
Let a(s) be the first derivative of 7*s + 3/2*s**2 - 22. Give a(-5).
-8
Let l(t) be the second derivative of t**5/20 - 2*t**4/3 + t**3/2 + 5*t**2 - 4*t - 37. What is l(7)?
-18
Let d(q) = 5*q**2 + 10*q**2 - 3*q**2 - 11 + 6*q**2 + q**3. Give d(-18).
-11
Let j(m) = m**2 - 4*m + 5. Let z be j(6). Let k = z + -11. Let b(u) = 0*u - 7*u + k*u. What is b(-3)?
3
Let m(t) = -t**3 - 10*t**2 - 9*t. Let y = -278 + 269. Give m(y).
0
Let l(j) = 28*j**3 - j**2 + 1. Let z be 1/(-5)*(-91 + 86). What is l(z)?
28
Let h(l) = -3*l**3 - 8*l**2 - 5*l + 2. Suppose -44 = -5*y + 21. Let v(a) = -7*a**3 - 17*a**2 - 11*a + 4. Let b(g) = y*h(g) - 6*v(g). What is b(2)?
20
Let r(q) be the second derivative of 0 + 5/12*q**4 + 1/20*q**5 + 5/2*q**2 + q**3 - 6*q. Calculate r(-4).
-3
Let z(f) = f**3 + 5*f**2 + 7*f + 8. Let m = -877 - -872. Calculate z(m).
-27
Let f(c) = c - 5. Let i(k) = -2*k**3 - 12*k**2 - 19*k - 3. Let u be i(-3). Give f(u).
-5
Let s(b) = -326 - 4*b + 5*b + 325. Let z(v) = v**2 + v - 3. Let g be z(-3). What is s(g)?
2
Let l(h) be the second derivative of -h**5/20 + 2*h**4/3 - 7*h**2/2 - 2*h. Suppose 7*b - 43 - 13 = 0. Calculate l(b).
-7
Suppose 9*n - 4*n - 10 = 0. Suppose -2*s + s - u + n = 0, 0 = -5*s + 4*u + 37. Let t be -7 + s + (-2)/1. Let y(p) = -p**3 - 4*p**2 + 2*p + 3. Give y(t).
-5
Let d be 6*-2*(-3)/12. Let i(q) = q**3 - 4*q**2 - 1. Let x(n) = -3*n**3 + 12*n**2 + n + 2. Let v(o) = 7*i(o) + 2*x(o). Give v(d).
-6
Let o(p) = 11*p**2 + 2*p + 1. Let j(w) = w. Let s(u) = -6*j(u) - o(u). What is s(-1)?
-4
Suppose 3*t + m + 3*m = -32, -t + 3*m + 11 = 0. Let i(k) = -k**3 - k**2 + k + 1. Let u be i(-2). Let y(l) = u + l + 2*l - l. Determine y(t).
-5
Let j(o) = 3*o + 1. Suppose 4*x + 21 = 2*s + 129, -5*x - 5*s = -135. Suppose 46 = -2*g + 5*d - 0*d, -5*g - 146 = 3*d. Let z = x + g. Calculate j(z).
-2
Suppose -2*o - 3*v = -v + 2, 0 = 2*o - 3*v + 7. Let s be (6/24)/((-2)/(-8)). Let g(i) = -8 + s + 0*i**3 + i - i**3 - 2*i**2 + 5. Calculate g(o).
-4
Let m(x) = 2*x + 5. Let k(q) = -q - 2. Let p be k(-3). Suppose 14 - 11 = -i. Let o = i - p. Calculate m(o).
-3
Let g(s) = -3*s + 7. Let m = 246 + -243. Calculate g(m).
-2
Let z(f) = -5*f**2 + 5 - 1 + 4*f**2 - 4*f. Suppose 3*t + 10 = 64. Suppose 10 + t = -7*u. What is z(u)?
4
Suppose j + 6*l - 17 = 3*l, 3*l = 3. Let t be -1 + 1 + j/7. Suppose -3*w = t*w. Let u(x) = -x + 5. Give u(w).
5
Let k(z) = z**3 + 5*z**2 + 3*z + 1. Suppose 3*q + 135 = 2*h - 5*h, -2*q = -4*h + 114. Let d = 45 + q. What is k(d)?
5
Let v = 33 - 30. Let n(o) be the second derivative of 2*o**2 - 8*o + 0 + 1/3*o**3. What is n(v)?
10
Let j(y) = 2*y + 3. Suppose 19 = 3*k - 5. Suppose -4*f = -k - 12. Suppose -12 = w + f*s, -2*w + 0*w + s + 9 = 0. Determine j(w).
9
Let k be ((-3)/(-2))/((-30)/(-80)). Suppose 3*g - 2 - 6 = -5*o, -2*o + k*g = -24. Let h(d) = d**3 - 4*d**2 + d - 2. Calculate h(o).
2
Let p(j) = j**2 + 4*j - 5. Let o(u) = -u**2 - 5*u + 6. Let s be (6/(-9))/((-2)/(-15)). Let m(a) = s*p(a) - 4*o(a). Calculate m(-2).
-3
Let x(g) = 2*g + 4. Let t(z) = -3*z + 35. Let d be t(11). Let l be (1 + (-2)/1)*-5. Suppose 0 = 4*i - 5*n + 36, -l*i - 20 = -d*i - 2*n. Calculate x(i).
-4
Let s = -25 - -32. Let a be 118/(-14) - (260/(-35) + s). Let f(r) = -r**2 - 8*r - 7. Calculate f(a).
-7
Suppose -14 = s - 3*t, 0 = 3*s - 2*t + 37 - 30. Let m(j) = -11*j - 5. What is m(s)?
-16
Let t(a) = -a**3 - 5*a**2 + 2*a. Suppose 2*g + 6 = -m, -4*m + 2*m - 12 = -5*g. What is t(m)?
24
Let y(b) be the first derivative of b**2 - 5*b + 29 + 1/3*b**3. Calculate y(-4).
3
Let m(g) = g**3 - g**2 - 5*g - 4. Suppose -165 = -7*v + 3. Suppose 0 = 3*j - 5*r + v, 21 = -j - j + 5*r. What is m(j)?
-25
Let w(b) = -b**2 - b. Let m(z) be the second derivative of -5*z**3/6 - 53*z**2/2 + 30*z. Let i be m(-10). Give w(i).
-6
Let j be (-165)/(-66)*(-156)/15. Let t(c) = c**3 + 26*c**2 - c - 21. Calculate t(j).
5
Let g(l) = -1616 - l + 1616. Let k(v) = -1. Let n(p) = -2*g(p) - 3*k(p). Let c = 8 + -5. Calculate n(c).
9
Let h = 2 + 0. Let u be (-1)/((-1)/h*1). Let o(z) = 2*z**3 + 2*z - z**3 + u - 4*z**2 - 8*z**2 + 17*z**2. Calculate o(-4).
10
Let q be (-189)/(-18)*2/(-3). Let r(b) = -3*b - 9*b**2 + b + 7 - 5*b + 8*b**2. Calculate r(q).
7
Suppose 0*q + 27 = 3*q - 4*o, 4*o - 13 = -5*q. Let i(p) = 40*p**3 + 1 + p - q*p + 6*p - 39*p**3 + p**2. What is i(-2)?
-7
Suppose -4*t - 9 - 79 = 0. Let u = 23 + t. Let z(r) = 8*r**2 - 5*r - 1. Let h(d) = d**2 - d. Let n(a) = 6*h(a) - z(a). Calculate n(u).
-2
Let m(d) = -d**3 - 14*d**2 + d + 6. Let a be m(-14). Let z be 86/a + 3*3/12. Let g(x) = -x**3 - 10*x**2 + x + 2. Calculate g(z).
-8
Let u(g) = -7*g**2 + g. Let k(a) = -6*a**2 + 2*a - 1. Let n(x) = 6*k(x) - 5*u(x). Let i = -16 + 2. Let b be ((-12)/i)/(5/35). Give n(b).
0
Let t(k) = k**2 + 2*k - 4. Let b be t(2). Let n(q) = b*q - 2*q + 3*q - 30*q**2 + 31*q**2 - 7. Determine n(-8).
17
Let r(f) be the first derivative of -f**4/4 + 4*f**3 - 11*f**2/2 + 4*f + 335. Determine r(11).
4
Let h(l) = l**3 - l - 15. Suppose 49 = 4*q + 1. Suppose -12 = 4*x - q. Determine h(x).
-15
Let m(a) be the second derivative of a**3/6 - a**2 - 15*a. Let x be m(6). Let p(s) = -s**2 + 3*s - 6. Give p(x).
-10
Let y be 3*4/4 - (-6)/3. Suppose -y*k = -4*k + 6. Let v(r) = 2*r**2 - 4*r - 5. Let j(q) = -5*q**2 + 7*q + 9. Let a(m) = 3*j(m) + 7*v(m). What is a(k)?
-2
Suppose 2*q = 4*q. Let i(k) be the first derivative of k**6/360 + 13*k**4/24 + 2*k**3/3 - 3. Let n(j) be the third derivative of i(j). Determine n(q).
13
Let o(n) = -n + 12. Let y be -10 - 377/(-39) - 32/(-6). Give o(y).
7
Let u be 2/(36/(-10) - -4). Suppose 8 = -9*y + u*y. Let k(x) = 2*x**2 + 3*x. Determine k(y).
2
Let h(m) = m**3 + 5*m**2 + 5*m + 4. Suppose -5*q - 10 = -2*i, -4*i - 1 = -3*q + 7. Calculate h(i).
-21
Suppose -5*v + 5*q = -0*q + 5, q + 11 = 5*v. Let j(l) = 3*l + l + 3 + v*l - 6*l. Give j(-7).
-4
Let r(m) be the third derivative of m**6/40 + m**4/24 - m**3/3 - 120*m**2 + 2. Calculate r(-2).
-28
Suppose -m - 566 = -5*o, 0*m = -3*o - m + 338. Let j = o + -104. Let b(k) = k**3 - 10*k**2 + 11*k - 10. Give b(j).
8
Suppose 5*a - 44 = -9. Let n be 0/(5 - (7 - 3)) + 18. Let d(m) = 2 - n*m + 31*m - 14*m. Give d(a).
-5
Let i = 30 + -44. Let l = i - -22. Let w(s) = s - 8 - l*s + 5*s + 0*s. Give w(-7).
6
Let n(p) be the second derivative of 2*p**2 - 1/6*p**3 + 14*p + 0. Give n(0).
4
Suppose -4*w = p + 7, -7*w + w + 3*p - 33 = 0. Let b(t) = t**3 + 3*t**2 + 2*t + 4. Give b(w).
-2
Suppose 50*i = 53*i + 36. Let n(m) = m**2 + 11*m - 14. Calculate n(i).
-2
Let m = -411 - -398. Let x(w) = w + 9. Give x(m).
-4
Let t(a) be the second deri